t is the remainder when l is divided by 38?
36
Suppose 12 = -5*h + 182. What is the remainder when h is divided by 12?
10
Let v = 153 + -98. Let h be 135/(-36)*4/(-6)*-2. Let b = v + h. What is the remainder when b is divided by 13?
11
Suppose 5*u - 4*u = 2*i + 20, -i = -3. What is the remainder when 51 is divided by u?
25
Let z = 315 - 225. Let v = -44 - -67. What is the remainder when z is divided by v?
21
Suppose 0 = 4*r - 0*r + 28. Let m = r - -2. What is the remainder when 2/10 - 229/m is divided by 16?
14
Let b = -10 + 16. Let i(j) = j**2 - 2*j - 5. Let q(g) = -5*g**2 + 11*g + 25. Let m(w) = 11*i(w) + 2*q(w). What is the remainder when m(-4) is divided by b?
5
Let u be (3 - 6)*(0 - 3). Suppose -120 = -4*l + 64. What is the remainder when l is divided by 64/6*u/6?
14
Calculate the remainder when 9 is divided by (-3)/(-1)*(-2)/(-3).
1
Let s(u) = 143*u**2 - 3*u - 2. Calculate the remainder when s(-1) is divided by 29.
28
Suppose 0 = -2*n - 3*j - 5, 5*n - j - 30 = 0. Suppose 9*g = 36 + 18. What is the remainder when g is divided by n?
1
Let k(i) = -4*i + 3*i + 4 + 3*i**2 - 4*i. Calculate the remainder when k(3) is divided by 9.
7
Suppose -3*v - 15 = -0*v, -2*s + 5*v + 35 = 0. Suppose 3*f = 5*p - 55, 2*f = 6*p - 3*p - 32. Calculate the remainder when p is divided by s.
4
Let k be 22/3 + (-2)/6. Let q = 50 + -15. Suppose 5*w + 3*s = q, 0*w + w = 4*s + k. Calculate the remainder when w is divided by 3.
1
Suppose 5*v = 9 + 121. What is the remainder when 179 is divided by v?
23
Let h = 48 + -34. Let t(d) = -6*d - 2. Suppose -28 = 5*z + 7. What is the remainder when t(z) is divided by h?
12
Let y(m) = 3*m**2 + 5*m - 1. Let b = -10 + 5. What is the remainder when y(b) is divided by 26?
23
Suppose -2*v - 9 = 7. What is the remainder when (-57)/(-2)*v/(-12) is divided by 7?
5
Let z(s) = s**3 + 10*s**2 - 17*s - 18. Calculate the remainder when z(-10) is divided by 26.
22
Suppose 3*j = -j + 20. Let u be (0 - (2 - 2)) + 3. Suppose 3*z + u*i = -z + 47, -29 = -z + 5*i. What is the remainder when z is divided by j?
4
Suppose 0 = -k - 5*h + 198, 3*k - 103 = -h + 421. What is the remainder when k is divided by 44?
41
Suppose 5*r = -5*d + 150, 4*d - 4*r = 89 + 39. Calculate the remainder when d is divided by 17.
14
Let k be 0/(-4) - (-2 - 19). What is the remainder when 2/7 + 204/k is divided by 4?
2
Let k = 74 - 53. Calculate the remainder when 39 is divided by k.
18
Let j = -7 - -10. Suppose j*h = 3, -28 = -4*b + 2*h + 58. What is the remainder when b is divided by 5/(-2)*((-270)/25 + 6)?
10
Let g be (3 - 3)/1 + -2. What is the remainder when (-54)/(-2) + (-6)/g is divided by -2*8/(-2)*2?
14
Let l = 6 - -2. Let a(k) = k**2 + 6*k + 5. Suppose 0 = n + 4*b - 2, 2*n + 6*b - b = -2. Calculate the remainder when l is divided by a(n).
3
Let d(r) = 4*r**2 + 2*r. Let v = -47 - -54. What is the remainder when d(2) is divided by v?
6
Suppose -27 - 249 = -4*g. What is the remainder when g is divided by (45/(-10))/((-2)/8)?
15
Suppose -2*f + 7 = -f. Suppose n = 2*n + 5. Let x = 8 + n. What is the remainder when f is divided by x?
1
Suppose 2*n - 3 = n. Suppose -c = i - 42, -i + 0*c = -n*c - 46. What is the remainder when i is divided by 15?
13
Suppose 2*x - 2*k = 50, -8*x + 5*x = 4*k - 61. What is the remainder when 33 is divided by x?
10
Let p(y) = y**3 - 8*y**2 + 7*y + 2. Suppose -25 = -5*r + 10. Suppose v + 2*v + 4*q = -6, -v = 4*q + 10. Calculate the remainder when p(r) is divided by v.
0
Let u = 25 - 13. Calculate the remainder when 59 is divided by u.
11
Let p be (-335)/(-25) - 2/5. Let o = p + 6. What is the remainder when o is divided by 11?
8
Let j = -2 - 4. Let d(m) = -6*m + 4. What is the remainder when d(j) is divided by 22?
18
Let g = 73 - 41. Suppose 2*f + 3*f + 4*a - 67 = 0, -16 = -2*f + 2*a. What is the remainder when g is divided by f?
10
Let s = 15 - -26. Calculate the remainder when s is divided by 15.
11
Suppose 0 = -5*a + 15, 0*a - 5*a = -5*d + 315. Calculate the remainder when d is divided by 35.
31
What is the remainder when 59 is divided by 32 - -3 - (6 - 2)?
28
Suppose -4 = -s - o, 2*s + s + 4*o = 10. Let t be s/(-27) - 47/(-9). Calculate the remainder when 49 is divided by 8/(-20) - (-87)/t.
15
Let m = 4 + 35. Let y = -7 + 21. What is the remainder when m is divided by y?
11
Let b = 118 - 80. What is the remainder when b is divided by 11?
5
Let t = 8 - 5. Suppose s - 1 = -0. What is the remainder when s/t - (-244)/6 is divided by 14?
13
Let f = -24 + 28. Calculate the remainder when 31 is divided by f.
3
Suppose -2*l = 4*b - 34, 104 = 4*l - 3*b + 3. Let n be (-99)/(-9)*(2 - 1). Let y = 24 - n. Calculate the remainder when l is divided by y.
10
Let n(k) = 4*k**3 - 3*k**2. Suppose -2*v - 3*v = -15. What is the remainder when 13/(1 - 2/v) is divided by n(2)?
19
Suppose 3*o = -4*t + 29, -2*t = -o - 0 - 27. Suppose 10*a - 26*a + 304 = 0. What is the remainder when a is divided by t?
8
Let f = -27 + 33. Calculate the remainder when 10 is divided by f.
4
Let l(i) = -i**2 - 6*i + 13. Let a be l(-6). Let b = -9 + a. Calculate the remainder when 5 is divided by b.
1
Let s(g) = g**3 - 2*g**2 - 5*g + 6. What is the remainder when s(4) is divided by 5?
3
Let s(o) = o**2 + 16*o + 9. Let l be (-168)/10 + 2/(-10). What is the remainder when 102 is divided by s(l)?
24
Let w = -10 - 1. Let y = 6 + w. Let f(d) = -d**2 - 8*d - 7. Calculate the remainder when f(y) is divided by 5.
3
Suppose -5*r = -6*v + 3*v + 103, r - 109 = -3*v. Calculate the remainder when 179 is divided by v.
35
Let i = -72 + 236. Suppose v + 3*v - i = l, -2*l + 192 = 5*v. Calculate the remainder when v is divided by 14.
12
Let y = 50 + -27. Let p = -17 + 19. What is the remainder when y is divided by -1 - 1 - (p - 12)?
7
Suppose -9 = -s - s - 5*c, -4*c - 4 = -4*s. Suppose 0 = s*r - 8, -4*r = g + 2*g - 127. Calculate the remainder when g is divided by 10.
7
Suppose 31 = 5*j - 4. Let u = -10 + 21. Calculate the remainder when u is divided by j.
4
Suppose 0*o + 5*t - 33 = -4*o, -3*o - 4*t = -26. Suppose 3*u + 19 = 5*w, -8 + o = 2*u - 2*w. What is the remainder when 19 is divided by (-2 + 3)*u - -8?
9
Let q(f) = f**2 - f - 10. Let z be q(0). Let n = z - -24. What is the remainder when 55 is divided by n?
13
Let b(z) = z**3 - z**2 - 4*z. Suppose 0 = 4*d - 2*k - 3 - 3, 3*d - 4*k + 3 = 0. Calculate the remainder when 10 is divided by b(d).
4
Let a(f) = -f**2 - 3*f - 15. Let h(b) = 5*b**2 + 13*b + 61. Let i(p) = -9*a(p) - 2*h(p). What is the remainder when i(0) is divided by (7/(-2))/((-1)/2)?
6
Let a(n) = 2*n**2 + 5*n - 55. What is the remainder when a(7) is divided by 21?
15
Let t be (1 - 7) + 1 - 0. Suppose 3*a - l - 47 = 0, 0 = 3*a - 4*a - 5*l + 37. Calculate the remainder when a is divided by (1 - 2)/(-1) - t.
5
Let w = 0 - -3. Suppose w*q - 12 = -3. Suppose 100 = q*z - 2*a + 3*a, -2*z + 75 = -a. Calculate the remainder when z is divided by 12.
11
Suppose 90 = 4*f - 2*l - 22, -f - 5*l + 17 = 0. Calculate the remainder when f is divided by 15.
12
Suppose 6 = d - 5*k + 3*k, -2*d - 4 = 4*k. Suppose -d*h + 9 = h. Suppose h*m + u - 19 = 0, -2*m - u + 0*u = -11. What is the remainder when 14 is divided by m?
6
Suppose -s + 82 - 31 = 0. What is the remainder when s is divided by 22 + (3 - 7/1)?
15
Suppose 0 = 4*v - 2*v. Suppose 4*d = -2*q + 20, q - 3*q + 2*d - 4 = v. Calculate the remainder when 7 is divided by q.
1
What is the remainder when 59 is divided by -6*(-2)/(-6)*63/(-6)?
17
Let d(x) be the third derivative of 7*x**5/60 - x**4/8 + x**3/6 - 5*x**2. Let t = 4 - -8. Calculate the remainder when d(2) is divided by t.
11
Suppose n = -0*n. Suppose n = -3*s, -c + 0*s = 5*s - 12. Calculate the remainder when c is divided by 7.
5
Let n(k) = k**3 - 3*k**2 - 7*k - 10. Suppose -r + 4*r = 57. Calculate the remainder when n(6) is divided by r.
18
Let g = 11 + -3. Let v be g/2 - (1 - 0). Suppose v*m - 20 = -2*m. What is the remainder when 14 is divided by m?
2
Let b = 109 + -87. Calculate the remainder when 86 is divided by b.
20
What is the remainder when (-4)/10 - (-235)/25 is divided by 6?
3
Suppose -5*m - 69 = -8*m. Calculate the remainder when 66 is divided by m.
20
Suppose -28 = -2*w - 8. Let u = 14 + 24. What is the remainder when u is divided by w?
8
Suppose -5*k + 98 - 23 = 0. What is the remai